rue
Is 614923 a composite number?
True
Is 1533603 a prime number?
False
Is 109987897 a prime number?
False
Is 19009793 a composite number?
True
Is 2047 composite?
True
Is 2623857 composite?
True
Is 698663 a composite number?
True
Is 14655353 composite?
True
Is 690359867 composite?
False
Is 96058847 composite?
True
Is 2892599 a composite number?
True
Is 4668283 prime?
True
Is 1014229 a composite number?
False
Is 251245133 composite?
True
Is 183437 a composite number?
False
Is 329989235 prime?
False
Is 207433 a prime number?
True
Is 4468301 prime?
True
Is 3736387 a composite number?
True
Is 2153149 prime?
True
Is 48245 prime?
False
Is 13572343 prime?
True
Is 36593927 prime?
True
Is 37795979 composite?
True
Is 1373221 a composite number?
True
Is 30030503 a composite number?
True
Is 13936227 composite?
True
Is 2856074829 prime?
False
Is 32650963 prime?
True
Is 6743567 composite?
True
Is 5135483 composite?
True
Is 7817627 a composite number?
True
Is 19208755 composite?
True
Is 18442009 a prime number?
False
Is 506919793 composite?
True
Is 9576005 a composite number?
True
Is 7766887 a composite number?
True
Is 32597161 prime?
True
Is 62218459 a composite number?
True
Is 122595827 composite?
False
Is 325649 composite?
True
Is 3186383 composite?
True
Is 71038703 a prime number?
True
Is 1483927 prime?
True
Is 34195501 a prime number?
True
Is 5690639 composite?
True
Is 248157431 composite?
False
Is 8125079 a prime number?
False
Is 55137 a prime number?
False
Is 506417 composite?
False
Is 56292407 prime?
True
Is 2636527 a prime number?
True
Is 5280397 a composite number?
False
Is 102369 a prime number?
False
Is 6435859 composite?
True
Is 537002003 a prime number?
True
Is 4447627 prime?
True
Is 199126659 composite?
True
Is 2828717 a composite number?
False
Is 314128667 a prime number?
False
Is 15603859 a composite number?
True
Is 162304971 a composite number?
True
Is 55107961 composite?
True
Is 31631 a prime number?
False
Is 26535577 prime?
True
Is 80546279 a composite number?
True
Is 84741149 a prime number?
False
Is 125261 composite?
False
Is 461509 a prime number?
False
Is 56309107 a prime number?
True
Is 395128649 a composite number?
False
Is 1723207 composite?
True
Is 3408931 a composite number?
True
Is 16795001 a prime number?
False
Is 210217147 a composite number?
True
Is 77379469 a composite number?
True
Is 413440007 composite?
False
Is 1953673 a prime number?
True
Is 1432351 a composite number?
False
Is 3412581 a prime number?
False
Is 724989 a composite number?
True
Is 1009237 prime?
True
Is 39771019 composite?
False
Is 59913383 prime?
True
Is 7487609 a composite number?
True
Is 4974593 prime?
False
Is 1089863 prime?
True
Is 31365641 prime?
True
Is 25944929 composite?
False
Is 11083747 a composite number?
True
Is 4360099 prime?
False
Is 276018563 composite?
True
Is 1803311 a composite number?
True
Is 14990281 a composite number?
True
Is 1484599 composite?
True
Is 60757 prime?
True
Is 283333 prime?
False
Is 56023259 composite?
False
Is 13906849 a composite number?
True
Is 3141811 composite?
False
Is 7838911 a composite number?
True
Is 36534413 composite?
False
Is 4523359 a composite number?
True
Is 2796797 prime?
True
Is 57357259 prime?
True
Is 105032657 prime?
True
Is 239893 a composite number?
False
Is 10697069 a composite number?
False
Is 8818097 composite?
False
Is 695847491 composite?
True
Is 1208297 composite?
False
Is 8562301 a composite number?
True
Is 7354861 prime?
True
Is 48256099 composite?
False
Is 17245333 prime?
False
Is 196101581 prime?
False
Is 6277033 composite?
True
Is 484035719 prime?
True
Is 3583529 prime?
True
Is 20067023 a composite number?
True
Is 111317 a composite number?
False
Is 41245861 composite?
True
Is 7880311 prime?
False
Is 10774657 a composite number?
False
Is 117919 a composite number?
True
Is 51572371 composite?
True
Is 14431777 prime?
True
Is 237501101 prime?
False
Is 253135397 prime?
True
Is 6526297 composite?
False
Is 2666743 composite?
False
Is 361418887 a composite number?
False
Is 2586911 a composite number?
False
Is 688548439 prime?
True
Is 39546103 a prime number?
True
Is 34170923 a composite number?
False
Is 375257219 composite?
True
Is 128157 prime?
False
Is 12277523 composite?
False
Is 339229937 prime?
True
Is 23607263 a composite number?
False
Is 89795 a prime number?
False
Is 347653339 composite?
True
Is 2386337029 prime?
True
Is 922573 prime?
False
Is 174679 prime?
True
Is 664722419 a prime number?
True
Is 48263531 a prime number?
True
Is 174182506 a prime number?
False
Is 142076653 a composite number?
False
Is 52556591 composite?
False
Is 442319 composite?
False
Is 163513673 prime?
True
Is 16796441 a composite number?
False
Is 54314489 a composite number?
False
Is 77460793 composite?
True
Is 2026039 a prime number?
False
Is 553327 a prime number?
False
Is 10089935 prime?
False
Is 24203227 composite?
False
Is 229223 prime?
True
Is 10528487 a prime number?
False
Is 18155249 composite?
True
Is 4434091 composite?
True
Is 1004363 prime?
True
Is 50940397 a prime number?
False
Is 183851321 prime?
True
Is 89470019 prime?
False
Is 166099 a composite number?
False
Is 94888813 composite?
False
Is 40606597 a prime number?
True
Is 57378341 composite?
True
Is 30170147 a prime number?
False
Is 778951 a prime number?
True
Is 114335383 a prime number?
True
Is 7932179 prime?
True
Is 68730763 a prime number?
False
Is 513252097 composite?
False
Is 81488477 prime?
False
Is 40407323 a prime number?
False
Is 14802967 composite?
True
Is 12835741 prime?
False
Is 738643 composite?
False
Is 11695291 composite?
True
Is 3589 composite?
True
Is 134632541 a composite number?
False
Is 5943983 a composite number?
False
Is 3242479 a prime number?
True
Is 6612521 composite?
True
Is 91125823 a composite number?
False
Is 31307813 a composite number?
False
Is 4837083 prime?
False
Is 32308085 composite?
True
Is 31786817 prime?
True
Is 9319979 a prime number?
True
Is 150775753 composite?
False
Is 39310669 a prime number?
False
Is 143793119 composite?
False
Is 23725145 prime?
False
Is 19234779 composite?
True
Is 8276189 a composite number?
False
Is 171166747 a composite number?
False
Is 21205939 a composite number?
True
Is 752834 a composite number?
True
Is 360100099 composite?
True
Is 2317307 prime?
False
Is 10315099 composite?
False
Is 53532001 composite?
False
Is 788423027 composite?
True
Is 371937513 composite?
True
Is 3764227 a composite number?
False
Is 4539973 a prime number?
True
Is 101684083 prime?
True
Is 4398085 a composite number?
True
Is 8874631 a prime number?
True
Is 7263383 a prime number?
True
Is 45634177 prime?
True
Is 20849747 prime?
False
Is 575787 a prime number?
False
Is 88966937 prime?
True
Is 108831857 composite?
True
Is 8006513 a composite number?
False
Is 123647099 composite?
False
Is 5681369 a composite number?
False
Is 9823757 a composite number?
False
Is 1430123 composite?
True
Is 178860797 a composite number?
False
Is 291281 a composite number?
True
Is 28707473 prime?
False
Is 802273 a prime number?
False
Is 271870583 prime?
True
Is 877057 a composite number?
False
Is 151229131 prime?
True
Is 6530845 composite?
True
Is 2767033 a prime number?
False
Is 1427737 a prime number?
True
Is 2651851 a composite number?
True
Is 739171 composite?
False
Is 74122393 a prime number?
True
Is 1048343 composite?
False
Is 15317491 a prime number?
False
Is 18976619 a prime number?
False
Is 1320634483 prime?
False
Is 1582318 a composite number?
True
Is 178353353 composite?
False
Is 21044017 composite?
True
Is 16724569 composite?
True
Is 5333873 prime?
False
Is 966991 a prime number?
True
Is 68687683 composite?
True
Is 4333145 prime?
False
Is 914605 prime?
False
Is 8562266 a composite number?
True
Is 37503849 composite?
True
Is 11509349 a prime number?
True
Is 965227 a prime number?
True
Is 36191063 prime?
False
Is 21419329 composite?
False
Is 33576167 composite?
False
Is 5436149 a composite number?
True
Is 45563671 composite?
False
Is 42154114 a prime number?
False
Is 23486791 prime?
False
Is 24454637 a composite number?
True
Is 16404079 a composite number?
True
Is 17192183 a composite number?
True
Is 25064111 a prime number?
True
Is 402317303 a prime number?
False
Is 1759139 a prime number?
False
Is 126228241 composite?